{"id":6,"date":"2020-09-15T17:06:19","date_gmt":"2020-09-15T15:06:19","guid":{"rendered":"https:\/\/edgework.dk\/?page_id=6"},"modified":"2024-09-16T19:54:59","modified_gmt":"2024-09-16T17:54:59","slug":"hjem","status":"publish","type":"page","link":"https:\/\/edgework.dk\/","title":{"rendered":""},"content":{"rendered":"\n<div class=\"wp-block-group alignwide\"><div class=\"wp-block-group__inner-container is-layout-flow wp-block-group-is-layout-flow\">\n<blockquote class=\"wp-block-quote is-style-default is-layout-flow wp-block-quote-is-layout-flow\"><p>I have news you wanna know<\/p><p>You think I try to put up a show<\/p><p>You say: &#8220;Fake news!&#8221; but I say &#8220;No!&#8221; <\/p><p>The pearl I found where just buried in the ground<\/p><cite>News You Wanna Know<\/cite><\/blockquote>\n\n\n\n<div style=\"height:40px\" aria-hidden=\"true\" class=\"wp-block-spacer\"><\/div>\n<\/div><\/div>\n\n\n\n<h1 class=\"has-text-align-center has-text-color wp-block-heading\" style=\"color:#ffbd59\">Udgivelser<\/h1>\n\n\n\n<div style=\"height:30px\" aria-hidden=\"true\" class=\"wp-block-spacer\"><\/div>\n\n\n\n<div class=\"wp-block-media-text alignwide is-stacked-on-mobile\" style=\"grid-template-columns:46% auto\"><figure class=\"wp-block-media-text__media\"><img loading=\"lazy\" decoding=\"async\" width=\"678\" height=\"678\" src=\"https:\/\/edgework.dk\/wp-content\/uploads\/2024\/09\/Scent-cover.jpg\" alt=\"Scent\" class=\"wp-image-341 size-full\" srcset=\"https:\/\/edgework.dk\/wp-content\/uploads\/2024\/09\/Scent-cover.jpg 678w, https:\/\/edgework.dk\/wp-content\/uploads\/2024\/09\/Scent-cover-300x300.jpg 300w, https:\/\/edgework.dk\/wp-content\/uploads\/2024\/09\/Scent-cover-150x150.jpg 150w, https:\/\/edgework.dk\/wp-content\/uploads\/2024\/09\/Scent-cover-640x640.jpg 640w, https:\/\/edgework.dk\/wp-content\/uploads\/2024\/09\/Scent-cover-70x70.jpg 70w, https:\/\/edgework.dk\/wp-content\/uploads\/2024\/09\/Scent-cover-80x80.jpg 80w, https:\/\/edgework.dk\/wp-content\/uploads\/2024\/09\/Scent-cover-50x50.jpg 50w\" sizes=\"(max-width: 678px) 100vw, 678px\" \/><\/figure><div class=\"wp-block-media-text__content\">\n<div style=\"height:5px\" aria-hidden=\"true\" class=\"wp-block-spacer\"><\/div>\n\n\n\n<h2 class=\"wp-block-heading\">Single: SCENT<\/h2>\n\n\n\n<p>Vores nyeste single, Scent, omhandler&nbsp;vores r\u00f8dder, og det man kan have med i bagagen i livet.<\/p>\n\n\n\n<div class=\"wp-block-buttons is-layout-flex wp-block-buttons-is-layout-flex\">\n<div class=\"wp-block-button\"><a class=\"wp-block-button__link\" href=\"https:\/\/open.spotify.com\/track\/1LZknjLTQypSz7gwJ5Lj3u?si=bb4ce4be669a43a9\">Lyt p\u00e5 Spotify<\/a><\/div>\n\n\n\n<div class=\"wp-block-button\"><a class=\"wp-block-button__link\" href=\"https:\/\/youtu.be\/zXZfgErEUtM?si=nwlR080Gzz8-LY8W\">Se p\u00e5 YouTube<\/a><\/div>\n<\/div>\n<\/div><\/div>\n\n\n\n<div style=\"height:40px\" aria-hidden=\"true\" class=\"wp-block-spacer\"><\/div>\n\n\n\n<div class=\"wp-block-media-text alignwide is-stacked-on-mobile\" style=\"grid-template-columns:46% auto\"><figure class=\"wp-block-media-text__media\"><img loading=\"lazy\" decoding=\"async\" width=\"1024\" height=\"1024\" src=\"https:\/\/edgework.dk\/wp-content\/uploads\/2021\/07\/News-You-Wanna-Know-Album-1024x1024.jpg\" alt=\"\" class=\"wp-image-334 size-full\" srcset=\"https:\/\/edgework.dk\/wp-content\/uploads\/2021\/07\/News-You-Wanna-Know-Album-1024x1024.jpg 1024w, https:\/\/edgework.dk\/wp-content\/uploads\/2021\/07\/News-You-Wanna-Know-Album-300x300.jpg 300w, https:\/\/edgework.dk\/wp-content\/uploads\/2021\/07\/News-You-Wanna-Know-Album-150x150.jpg 150w, https:\/\/edgework.dk\/wp-content\/uploads\/2021\/07\/News-You-Wanna-Know-Album-768x768.jpg 768w, https:\/\/edgework.dk\/wp-content\/uploads\/2021\/07\/News-You-Wanna-Know-Album-1536x1536.jpg 1536w, https:\/\/edgework.dk\/wp-content\/uploads\/2021\/07\/News-You-Wanna-Know-Album-2048x2048.jpg 2048w, https:\/\/edgework.dk\/wp-content\/uploads\/2021\/07\/News-You-Wanna-Know-Album-640x640.jpg 640w, https:\/\/edgework.dk\/wp-content\/uploads\/2021\/07\/News-You-Wanna-Know-Album-720x720.jpg 720w, https:\/\/edgework.dk\/wp-content\/uploads\/2021\/07\/News-You-Wanna-Know-Album-70x70.jpg 70w, https:\/\/edgework.dk\/wp-content\/uploads\/2021\/07\/News-You-Wanna-Know-Album-80x80.jpg 80w, https:\/\/edgework.dk\/wp-content\/uploads\/2021\/07\/News-You-Wanna-Know-Album-50x50.jpg 50w\" sizes=\"(max-width: 1024px) 100vw, 1024px\" \/><\/figure><div class=\"wp-block-media-text__content\">\n<div style=\"height:5px\" aria-hidden=\"true\" class=\"wp-block-spacer\"><\/div>\n\n\n\n<h2 class=\"wp-block-heading\">Album: NEWS YOU WANNA KNOW<\/h2>\n\n\n\n<p>Vores debutalbummet best\u00e5r af sange, der s\u00e6tter gang i tankerne med sange som \u201cDoes Your Phone Hurt\u201d og \u201cChaos\u201d. Albummet er indspillet i august 2020 og udgivet i juli 2021.<\/p>\n\n\n\n<div class=\"wp-block-buttons is-layout-flex wp-block-buttons-is-layout-flex\">\n<div class=\"wp-block-button\"><a class=\"wp-block-button__link\" href=\"https:\/\/open.spotify.com\/artist\/59Q9IuboFDLd5vLJrwQKY3?si=irstO7NbQ96mry3x_zYlIg&amp;dl_branch=1\" target=\"_blank\" rel=\"noreferrer noopener\">Lyt p\u00e5 spotify<\/a><\/div>\n<\/div>\n<\/div><\/div>\n\n\n\n<div style=\"height:40px\" aria-hidden=\"true\" class=\"wp-block-spacer\"><\/div>\n\n\n\n<div class=\"wp-block-media-text alignwide is-stacked-on-mobile\" style=\"grid-template-columns:46% auto\"><figure class=\"wp-block-media-text__media\"><img loading=\"lazy\" decoding=\"async\" width=\"1024\" height=\"1024\" src=\"https:\/\/edgework.dk\/wp-content\/uploads\/2020\/11\/Wall-1024x1024.png\" alt=\"Cover for singlen Wall\" class=\"wp-image-202 size-full\" srcset=\"https:\/\/edgework.dk\/wp-content\/uploads\/2020\/11\/Wall-1024x1024.png 1024w, https:\/\/edgework.dk\/wp-content\/uploads\/2020\/11\/Wall-300x300.png 300w, https:\/\/edgework.dk\/wp-content\/uploads\/2020\/11\/Wall-150x150.png 150w, https:\/\/edgework.dk\/wp-content\/uploads\/2020\/11\/Wall-768x768.png 768w, https:\/\/edgework.dk\/wp-content\/uploads\/2020\/11\/Wall-1536x1536.png 1536w, https:\/\/edgework.dk\/wp-content\/uploads\/2020\/11\/Wall-640x640.png 640w, https:\/\/edgework.dk\/wp-content\/uploads\/2020\/11\/Wall-720x720.png 720w, https:\/\/edgework.dk\/wp-content\/uploads\/2020\/11\/Wall-70x70.png 70w, https:\/\/edgework.dk\/wp-content\/uploads\/2020\/11\/Wall-80x80.png 80w, https:\/\/edgework.dk\/wp-content\/uploads\/2020\/11\/Wall-50x50.png 50w, https:\/\/edgework.dk\/wp-content\/uploads\/2020\/11\/Wall.png 2048w\" sizes=\"(max-width: 1024px) 100vw, 1024px\" \/><\/figure><div class=\"wp-block-media-text__content\">\n<div style=\"height:5px\" aria-hidden=\"true\" class=\"wp-block-spacer\"><\/div>\n\n\n\n<h2 class=\"wp-block-heading\">Single: WALL<\/h2>\n\n\n\n<p>Vores anden single har vi kaldt Wall. Den er lige som Even If indspillet p\u00e5 Tirsb\u00e6k Gods i februar 2020 med hj\u00e6lp fra Jacob Worm (lyd).<\/p>\n\n\n\n<div class=\"wp-block-buttons is-layout-flex wp-block-buttons-is-layout-flex\">\n<div class=\"wp-block-button\"><a class=\"wp-block-button__link\" href=\"https:\/\/open.spotify.com\/album\/6TkqSThnFhsogRW1p4WcPc\" target=\"_blank\" rel=\"noreferrer noopener\">Lyt p\u00e5 spotify<\/a><\/div>\n\n\n\n<div class=\"wp-block-button\"><a class=\"wp-block-button__link\" href=\"https:\/\/youtu.be\/rqhMYgmmPzY\">Lyt p\u00e5 YouTube<\/a><\/div>\n<\/div>\n<\/div><\/div>\n\n\n\n<div style=\"height:40px\" aria-hidden=\"true\" class=\"wp-block-spacer\"><\/div>\n\n\n\n<div class=\"wp-block-media-text alignwide is-stacked-on-mobile\" style=\"grid-template-columns:46% auto\"><figure class=\"wp-block-media-text__media\"><img loading=\"lazy\" decoding=\"async\" width=\"1024\" height=\"1024\" src=\"https:\/\/edgework.dk\/wp-content\/uploads\/2020\/09\/1-1024x1024.jpg\" alt=\"Cover til singlen Even If\" class=\"wp-image-73 size-full\" srcset=\"https:\/\/edgework.dk\/wp-content\/uploads\/2020\/09\/1-1024x1024.jpg 1024w, https:\/\/edgework.dk\/wp-content\/uploads\/2020\/09\/1-300x300.jpg 300w, https:\/\/edgework.dk\/wp-content\/uploads\/2020\/09\/1-150x150.jpg 150w, https:\/\/edgework.dk\/wp-content\/uploads\/2020\/09\/1-768x768.jpg 768w, https:\/\/edgework.dk\/wp-content\/uploads\/2020\/09\/1-1536x1536.jpg 1536w, https:\/\/edgework.dk\/wp-content\/uploads\/2020\/09\/1-2048x2048.jpg 2048w, https:\/\/edgework.dk\/wp-content\/uploads\/2020\/09\/1-640x640.jpg 640w, https:\/\/edgework.dk\/wp-content\/uploads\/2020\/09\/1-720x720.jpg 720w, https:\/\/edgework.dk\/wp-content\/uploads\/2020\/09\/1-70x70.jpg 70w, https:\/\/edgework.dk\/wp-content\/uploads\/2020\/09\/1-80x80.jpg 80w, https:\/\/edgework.dk\/wp-content\/uploads\/2020\/09\/1-50x50.jpg 50w\" sizes=\"(max-width: 1024px) 100vw, 1024px\" \/><\/figure><div class=\"wp-block-media-text__content\">\n<div style=\"height:5px\" aria-hidden=\"true\" class=\"wp-block-spacer\"><\/div>\n\n\n\n<h2 class=\"wp-block-heading\">Single: EVEN IF<\/h2>\n\n\n\n<p>Vores f\u00f8rste single er udgivet b\u00e5de som lyd og video. Even If er indspillet p\u00e5 Tirsb\u00e6k Gods i februar 2020 med hj\u00e6lp fra Jacob Worm (lyd) og Emil N\u00f8rgaard (video).<\/p>\n\n\n\n<div class=\"wp-block-buttons is-layout-flex wp-block-buttons-is-layout-flex\">\n<div class=\"wp-block-button\"><a class=\"wp-block-button__link\" href=\"https:\/\/open.spotify.com\/track\/6jgDByvafZ7PbrZPUwRj1y?si=oHRqnZf5R2aJomWpA4aPRA\" target=\"_blank\" rel=\"noreferrer noopener\">Lyt p\u00e5 spotify<\/a><\/div>\n\n\n\n<div class=\"wp-block-button\"><a class=\"wp-block-button__link\" href=\"https:\/\/youtu.be\/80FtJcV8cZY\" target=\"_blank\" rel=\"noreferrer noopener\">Se p\u00e5 YouTube<\/a><\/div>\n<\/div>\n<\/div><\/div>\n\n\n\n<div style=\"height:30px\" aria-hidden=\"true\" class=\"wp-block-spacer\"><\/div>\n\n\n\n<h1 class=\"has-text-align-center has-text-color wp-block-heading\" style=\"color:#ffbd59\">Vi er EdgeWork<\/h1>\n\n\n\n<div style=\"height:30px\" aria-hidden=\"true\" class=\"wp-block-spacer\"><\/div>\n\n\n\n<div class=\"wp-block-media-text alignfull is-stacked-on-mobile\"><figure class=\"wp-block-media-text__media\"><img loading=\"lazy\" decoding=\"async\" width=\"800\" height=\"800\" src=\"https:\/\/edgework.dk\/wp-content\/uploads\/2020\/09\/Edgework-bandbillede.jpg\" alt=\"EdgeWork\" class=\"wp-image-119 size-full\" srcset=\"https:\/\/edgework.dk\/wp-content\/uploads\/2020\/09\/Edgework-bandbillede.jpg 800w, https:\/\/edgework.dk\/wp-content\/uploads\/2020\/09\/Edgework-bandbillede-300x300.jpg 300w, https:\/\/edgework.dk\/wp-content\/uploads\/2020\/09\/Edgework-bandbillede-150x150.jpg 150w, https:\/\/edgework.dk\/wp-content\/uploads\/2020\/09\/Edgework-bandbillede-768x768.jpg 768w, https:\/\/edgework.dk\/wp-content\/uploads\/2020\/09\/Edgework-bandbillede-640x640.jpg 640w, https:\/\/edgework.dk\/wp-content\/uploads\/2020\/09\/Edgework-bandbillede-720x720.jpg 720w, https:\/\/edgework.dk\/wp-content\/uploads\/2020\/09\/Edgework-bandbillede-70x70.jpg 70w, https:\/\/edgework.dk\/wp-content\/uploads\/2020\/09\/Edgework-bandbillede-80x80.jpg 80w, https:\/\/edgework.dk\/wp-content\/uploads\/2020\/09\/Edgework-bandbillede-50x50.jpg 50w\" sizes=\"(max-width: 800px) 100vw, 800px\" \/><\/figure><div class=\"wp-block-media-text__content\">\n<div style=\"height:20px\" aria-hidden=\"true\" class=\"wp-block-spacer\"><\/div>\n\n\n\n<p>EdgeWork \u00f8nsker, som navnet understreger, at arbejde p\u00e5 kanten med b\u00e5de musik og tekst. EdgeWork vil provokere, stille sp\u00f8rgsm\u00e5lstegn ved og v\u00e6re undrende overfor samfundet, religion, eksistentielle sp\u00f8rgsm\u00e5l og selve livet, med udgangspunkt i bibelens verdenssyn.&nbsp;<\/p>\n\n\n\n<p>Med vores instrumentale numre vil vi ogs\u00e5 frem med budskaber. Vi guider med progressive akkorder, stemningsfyldte lydbilleder og intense opbygninger. Med vores tekster vil vi have lytteren til at tage stilling og undres sammen med os.<\/p>\n\n\n\n<div class=\"wp-block-buttons is-layout-flex wp-block-buttons-is-layout-flex\">\n<div class=\"wp-block-button\"><a class=\"wp-block-button__link\" href=\"http:\/\/edgework.dk\/?page_id=276\">L\u00e6s mere om os<\/a><\/div>\n<\/div>\n<\/div><\/div>\n\n\n\n<div style=\"height:30px\" aria-hidden=\"true\" class=\"wp-block-spacer\"><\/div>\n\n\n\n<hr class=\"wp-block-separator is-style-wide\"\/>\n\n\n\n<div class=\"wp-block-columns is-layout-flex wp-container-core-columns-is-layout-1 wp-block-columns-is-layout-flex\">\n<div class=\"wp-block-column is-layout-flow wp-block-column-is-layout-flow\">\n<iframe loading=\"lazy\" src=\"https:\/\/open.spotify.com\/embed\/artist\/59Q9IuboFDLd5vLJrwQKY3\" width=\"518\" height=\"200\" frameborder=\"0\" allowtransparency=\"true\" allow=\"encrypted-media\"><\/iframe>\n\n\n\n<div style=\"height:30px\" aria-hidden=\"true\" class=\"wp-block-spacer\"><\/div>\n<\/div>\n\n\n\n<div class=\"wp-block-column is-layout-flow wp-block-column-is-layout-flow\">\n<div id=\"fb-root\"><\/div>\n<script async=\"\" defer=\"\" crossorigin=\"anonymous\" src=\"https:\/\/connect.facebook.net\/da_DK\/sdk.js#xfbml=1&amp;version=v8.0&amp;appId=720573777958862&amp;autoLogAppEvents=1\" nonce=\"Z0gBe760\"><\/script>\n<div class=\"fb-page\" data-href=\"https:\/\/www.facebook.com\/edgework.dk\/\" data-tabs=\"\" data-width=\"518\" data-height=\"200\" data-small-header=\"false\" data-adapt-container-width=\"true\" data-hide-cover=\"false\" data-show-facepile=\"true\"><blockquote cite=\"https:\/\/www.facebook.com\/edgework.dk\/\" class=\"fb-xfbml-parse-ignore\"><a href=\"https:\/\/www.facebook.com\/edgework.dk\/\">EdgeWork<\/a><\/blockquote><\/div>\n<\/div>\n<\/div>\n\n\n\n<p><\/p>\n","protected":false},"excerpt":{"rendered":"<p>I have news you wanna know You think I try to put up a show You say: &#8220;Fake news!&#8221; but I say &#8220;No!&#8221; The pearl I found where just buried<\/p>\n<p class=\"more-link\"><a href=\"https:\/\/edgework.dk\/\" class=\"readmore\">Continue reading<span class=\"screen-reader-text\"><\/span><\/a><\/p>\n","protected":false},"author":1,"featured_media":34,"parent":0,"menu_order":1,"comment_status":"closed","ping_status":"closed","template":"","meta":{"footnotes":""},"class_list":["post-6","page","type-page","status-publish","has-post-thumbnail","hentry"],"jetpack_sharing_enabled":true,"_links":{"self":[{"href":"https:\/\/edgework.dk\/index.php?rest_route=\/wp\/v2\/pages\/6"}],"collection":[{"href":"https:\/\/edgework.dk\/index.php?rest_route=\/wp\/v2\/pages"}],"about":[{"href":"https:\/\/edgework.dk\/index.php?rest_route=\/wp\/v2\/types\/page"}],"author":[{"embeddable":true,"href":"https:\/\/edgework.dk\/index.php?rest_route=\/wp\/v2\/users\/1"}],"replies":[{"embeddable":true,"href":"https:\/\/edgework.dk\/index.php?rest_route=%2Fwp%2Fv2%2Fcomments&post=6"}],"version-history":[{"count":123,"href":"https:\/\/edgework.dk\/index.php?rest_route=\/wp\/v2\/pages\/6\/revisions"}],"predecessor-version":[{"id":352,"href":"https:\/\/edgework.dk\/index.php?rest_route=\/wp\/v2\/pages\/6\/revisions\/352"}],"wp:featuredmedia":[{"embeddable":true,"href":"https:\/\/edgework.dk\/index.php?rest_route=\/wp\/v2\/media\/34"}],"wp:attachment":[{"href":"https:\/\/edgework.dk\/index.php?rest_route=%2Fwp%2Fv2%2Fmedia&parent=6"}],"curies":[{"name":"wp","href":"https:\/\/api.w.org\/{rel}","templated":true}]}}